500*l - 3894. Calculate y(7).
-2
Let y(f) = -13*f**2 - 611*f - 120. What is y(-47)?
-120
Let c(g) = -208*g**2 + 114793*g + 12706. Give c(552).
10
Let j(l) = -201*l + 15071. What is j(74)?
197
Let m(b) = b**2 - 642*b + 17330. Determine m(29).
-447
Let w(s) = -s**3 - 6*s**2 + 158*s + 587. Give w(-4).
-77
Let g(o) = 6*o**2 - 4093*o + 29019. Determine g(675).
-6
Let u(q) = -268*q**2 - 64589*q - 177. What is u(-241)?
64
Let m(d) = -2493*d + 74759. Determine m(30).
-31
Let t(g) = -g**3 - 321*g**2 - 5210*g - 12817. Calculate t(-304).
-49
Let j(c) = -c**3 - 731*c**2 - 92589*c - 823. Give j(-163).
-8
Let y(m) = -155865*m + 1091047. What is y(7)?
-8
Let v(c) = c**3 + 75*c**2 - 238*c - 229. Give v(-78).
83
Let o(k) = -97*k**2 + 2411*k + 319. Calculate o(25).
-31
Let a(x) = 289376*x - 1446882. What is a(5)?
-2
Let h(m) = 66*m**3 - 129*m**2 - 104*m + 25. What is h(-1)?
-66
Let n(b) = 2*b**3 + 718*b**2 - 120*b - 43608. Determine n(-359).
-528
Let m(j) = -15*j**2 + 4*j + 7302. Determine m(-22).
-46
Let o(w) = -w**3 - 12*w**2 - 80*w - 289. What is o(-5)?
-64
Let j(p) = -2*p**3 - 25*p**2 - 43*p - 276. Calculate j(-10).
-346
Let m(z) = 13293*z - 398786. Determine m(30).
4
Let c(g) = -2*g**2 - 51*g - 87. What is c(-4)?
85
Let t(d) = -20*d**2 - 751*d - 526. Calculate t(-39).
-1657
Let u(c) = -41*c**2 + 15499*c - 372. Give u(378).
6
Let d(q) = -5268*q - 21003. Give d(-4).
69
Let k(f) = 85*f**2 - 421*f - 83. Give k(6).
451
Let v(o) = 12198*o - 231772. Calculate v(19).
-10
Let q(v) = -325*v + 3434. What is q(9)?
509
Let x(t) = -2*t**2 + 831*t + 23412. Give x(442).
-14
Let t(l) = -l**2 + 18429*l + 55301. Determine t(-3).
5
Let p(a) = -a**3 + 88*a**2 + 717*a - 76226. What is p(86)?
228
Let d(f) = 8350*f + 19. Determine d(0).
19
Let f(v) = 155*v**2 + 884*v - 6666. What is f(-10)?
-6
Let q(u) = -2*u**2 - 17*u - 207. What is q(-13)?
-324
Let b(i) = -349*i + 539. Determine b(0).
539
Let c(x) = x**2 + 44722*x - 3314903. Give c(74).
1
Let y(s) = 576*s - 109342. Determine y(190).
98
Let m(q) = -4*q**3 - 1753*q**2 + 5261*q + 25. Calculate m(3).
-77
Let x(s) = -2*s**3 + 59*s**2 + 259*s - 16. Give x(32).
3152
Let d(q) = -4721*q - 424837. Determine d(-90).
53
Let d(v) = 295*v - 23241. Give d(79).
64
Let q(z) = -4*z**2 + 5565*z + 55666. Determine q(-10).
-384
Let h(z) = z**3 + 16*z**2 + 1744*z - 7055. Determine h(4).
241
Let p(l) = -2744*l + 21910. Give p(8).
-42
Let t(d) = -23853*d + 9755882. Give t(409).
5
Let r(h) = -h**3 - 110*h**2 + 171*h - 6005. What is r(-112)?
-69
Let c(v) = -18*v**2 - 1536*v - 3451. Calculate c(-83).
35
Let i(s) = -s**3 + 8*s**2 + 345*s - 2474. Calculate i(7).
-10
Let j(x) = -x**3 + 57*x**2 - 780*x - 71. Calculate j(34).
-3
Let i(b) = -381*b**2 - 1037*b - 550. Determine i(-2).
0
Let g(k) = k**3 + 63*k**2 + 750*k + 1429. What is g(-48)?
-11
Let q(g) = -g**3 + 25*g**2 - 112*g - 474. Determine q(13).
98
Let n(o) = -1508*o + 200557. Determine n(133).
-7
Let i(f) = -f**2 - 911*f + 121516. What is i(118)?
94
Let d(s) = 38*s**2 - 75*s - 2. Calculate d(3).
115
Let t(w) = 2*w**2 - 263*w + 7983. What is t(88)?
327
Let n(r) = 540*r**2 + 2270*r + 15. Calculate n(-5).
2165
Let b(t) = -672*t - 27318. Determine b(-40).
-438
Let p(r) = 186134*r - 186133. Determine p(1).
1
Let c(d) = -1155*d - 339670. Determine c(-294).
-100
Let h(c) = 3*c**3 + 2*c**2 + c + 128. Give h(8).
1800
Let q(v) = 96*v**3 + 3166*v**2 - 28*v + 1238. Determine q(-33).
-16
Let q(b) = -7185*b - 5834215. Give q(-812).
5
Let o(s) = -3441*s - 6889. Give o(-2).
-7
Let x(f) = -829*f - 18304. Calculate x(-22).
-66
Let l(b) = 36573*b + 1426321. What is l(-39)?
-26
Let o(b) = -123*b**2 - 76275*b - 9304. What is o(-620)?
-4
Let q(v) = -9*v**2 - 173*v + 14007. Determine q(31).
-5
Let r(v) = 11*v**2 - 747*v - 31021. Determine r(97).
19
Let b(q) = 100163*q + 500571. Determine b(-5).
-244
Let f(b) = -b**2 - 2438*b - 43578. What is f(-2420)?
-18
Let r(v) = -679*v - 7473. Give r(-16).
3391
Let m(s) = -6*s**2 + 1967*s - 34941. Give m(309).
-24
Let v(d) = 1625*d + 613. Give v(-1).
-1012
Let q(f) = 174*f**2 + 13562*f + 25. What is q(-78)?
805
Let h(u) = 48*u**2 + 648*u - 354. Determine h(-14).
-18
Let b(f) = -5672*f + 85113. Give b(15).
33
Let p(r) = -3*r**2 - 873*r - 59645. What is p(-182)?
-131
Let p(x) = -x**2 - 2995*x + 1880382. Give p(533).
-42
Let p(d) = -2*d**3 + 50*d**2 - 79*d + 184. Give p(23).
483
Let q(w) = -2*w**3 + 95*w**2 + 48*w - 256. Give q(48).
-256
Let m(y) = -5*y**2 + 956*y + 2667. What is m(194)?
-49
Let g(h) = -23440*h + 117315. Calculate g(5).
115
Let z(k) = -40869*k + 286047. Calculate z(7).
-36
Let j(q) = -q**3 + 1129*q**2 + 201911*q - 11575. Determine j(1286).
-1
Let w(o) = -o**2 + 134882*o - 3641125. What is w(27)?
-40
Let d(i) = -100178*i + 600882. Determine d(6).
-186
Let d(s) = -9*s**3 - 1170*s**2 + 3*s - 382. Determine d(-130).
-772
Let r(n) = 19*n**2 + 191*n - 379. Give r(-13).
349
Let g(k) = 5*k**3 + 548*k**2 - 4959*k + 107. What is g(-118)?
461
Let v(i) = -571*i**2 - 14261*i + 92. Calculate v(-25).
-258
Let v(c) = 61685*c - 185072. Determine v(3).
-17
Let w(u) = -131387*u - 131419. What is w(-1)?
-32
Let s(y) = -y**2 - 161505*y - 807498. What is s(-5)?
2
Let t(m) = -5671*m - 260825. Give t(-46).
41
Let a(p) = 409*p - 648. What is a(2)?
170
Let o(x) = -2*x**3 - 14*x**2 - 2*x - 227. Calculate o(-14).
2545
Let h(n) = -46987*n + 9773302. Determine h(208).
6
Let t(f) = -8155*f + 48958. Calculate t(6).
28
Let m(y) = 2*y**3 - 5*y**2 + 6*y + 1399. Give m(-8).
7
Let p(w) = 2980*w - 601908. What is p(202)?
52
Let f(u) = 54*u**2 - 317*u - 1. Give f(3).
-466
Let y(u) = 49734*u**2 + 198941*u - 4. Calculate y(-4).
-24
Let u(v) = -v**2 + 7600*v - 98632. Determine u(13).
-1
Let h(k) = k**2 + 189*k - 144565. Give h(298).
561
Let g(t) = -t**3 - 76*t**2 - 941*t + 123. Calculate g(-61).
1709
Let k(p) = 8810*p + 420. Determine k(0).
420
Let a(p) = -p**2 + 38520*p + 2662688. Calculate a(-69).
47
Let o(d) = -148775*d + 4463286. Determine o(30).
36
Let z(v) = 3*v**3 + 99*v**2 - 53. What is z(-33)?
-53
Let i(v) = -72*v**2 - 190*v + 58. Determine i(-3).
-20
Let g(w) = 138*w**2 + 66*w - 62. Give g(-1).
10
Let f(k) = -28*k**2 - 7155*k + 3323. Give f(-256).
-5
Let g(d) = 6*d**3 - 504*d**2 + 6159*d + 3509. Calculate g(69).
-10
Let n(v) = -2*v**2 - 2190*v - 242505. Give n(-125).
-5
Let q(r) = -r**3 + 58*r**2 - 114*r - 93. Determine q(56).
-205
Let g(b) = 2960*b - 254735. Give g(86).
-175
Let o(f) = 4817*f**2 - 5*f + 5. What is o(1)?
4817
Let z(b) = 12*b**3 + 202*b**2 + 168*b + 150. What is z(-16)?
22
Let u(i) = 50*i**2 + 10232*i + 46384. What is u(-200)?
-16
Let h(j) = -10408*j + 104068. Determine h(10).
-12
Let k(d) = -16*d**2 + 19*d - 67. Give k(-4).
-399
Let f(t) = -683*t - 15908. Give f(-22).
-882
Let s(u) = -87*u**2 - 43325*u + 466. Give s(-498).
-32
Let k(b) = b**3 - 15*b**2 + 11352*b - 170288. Calculate k(15).
-8
Let n(z) = -68820*z - 1376384. Calculate n(-20).
16
Let d(u) = 13419861*u - 26839719. Determine d(2).
3
Let r(s) = 19*s**2 + 5298*s - 26982. Determine r(5).
-17
Let b(g) = -g**3 + 12*g**2 + 14*g - 40. Give b(9).
329
Let t(w) = -w**3 - 31*w**2 + 341*w + 10476. What is t(-31)?
-95
Let j(x) = x**3 + 96*x**2 + 1148*x - 120. Determine j(-82).
-120
Let a(c) = c**3 + 43*c**2 - 4558*c - 84018. What is a(-85)?
-38
Let x(g) = -g**2 - 323*g - 23003. Give x(-217).
-1
Let r(z) = -z**3 - 9*z**2 - 5*z + 9. Calculate r(-6).
-69
Let g(i) = -2*i**3 - 15*i**2 + 57*i + 521. Determine g(-7).
73
Let s(k) = 3486*k + 167318. Calculate s(-48).
-10
Let n(d) = 3308*d - 1372828. Determine n(415).
-8
Let c(o) = 2052*o - 216712. Determine c(105).
-1252
Let l(p) = -p**2 + 42*p - 947. Determine l(21).
-506
Let g(z) = 2871*z + 766552. What is g(-267)?
-5
Let n(s) = s**2 + 747*s + 11914. Give n(-16).
218
Let v(b) = -1004*b - 765036. Calculate v(-762).
12
Let p(v) = 43*v - 1316. Determine p(28).
-112
Let n(b) = -14467*b + 13288. Determine n(1).
-1179
Let v(f) = f**3 + 134*f**2 + 116*f + 15486. Give v(-134).
-58
Let m(b) = -73636*b - 515448. Calculate m(-7).
4
Let b(v) = 4*v**2 - 16837*v - 134953. What is b(-8)?
-1
Let w(m) = -4*m**2 - 104*m - 736. Give w(-29).
-1084
Let b(v) = 21*v**3 + 2266*v**2 - 200*v + 1706. Give b(-108).
-22
Let s(p) = p**2 - 1321*p - 371043. Calculate s(-238).
-1
Let w(b) = -2*b**3 - 62*b**2 - 300*b + 165. 